*j + 272 = b. Is j a composite number?
False
Suppose -10*b = -22*b + 24. Suppose -5*k + 573 = -b*k. Is k a composite number?
False
Let s = -8733 + 16926. Is s a composite number?
True
Let p = 104669 - 62693. Suppose -b - p = -4*l, -2*l - b = -0*l - 20994. Is l a prime number?
False
Let x(b) = -2 + 1 + 2 + 88*b. Suppose -2*w + 5 = w + 2*f, -w - 2*f - 1 = 0. Is x(w) prime?
False
Suppose -42*g + 39*g = -55851. Is g composite?
False
Is -1*818/(-2 - (1 + -1)) composite?
False
Let q(s) = -1125*s + 1. Let t(z) = 562*z - 1. Let l(u) = 3*q(u) + 5*t(u). Is l(-3) prime?
True
Let u(r) = r**2 + 17*r + 16. Let y be u(-1). Let h(c) be the third derivative of -c**5/60 + c**4/12 + 835*c**3/6 - c**2. Is h(y) composite?
True
Let m(i) = -i**3 - 2*i**2 - 2*i - 2. Let a be 1/(1*3/(-6)). Let t be m(a). Suppose t*s - 243 = -17. Is s a prime number?
True
Let f = -16 - 0. Let n be 6/(-4)*f/6. Suppose -2*l = -2*h + 522, 3*h - n*l = 567 + 218. Is h prime?
False
Let d(o) = -90*o + 3. Let l be (-2)/(0 + 3 + -2). Is d(l) prime?
False
Let k(g) = 8*g**2 + 7*g - 26. Let h(p) = -p + 1. Let m(f) = -5*h(f) + k(f). Is m(15) a prime number?
True
Is ((-58)/232)/(1/(-16556)) prime?
True
Suppose -3*k + 251856 = -3*t + 20658, -12 = -4*t. Is k composite?
False
Let x be 60/(-16) + 4 + 819/(-12). Let o = x - -111. Is o a prime number?
True
Let b = 3024 - 901. Is b a composite number?
True
Suppose r - 3*y = -3*r + 4, -12 = -5*r + 2*y. Suppose -4*s = -g - 20, 5*g + 6*s = 2*s - 172. Is r*4/g*-106 a composite number?
False
Let r(l) = -l. Let n be r(0). Suppose 3*o = -d - d + 14, -2*d + o + 6 = n. Suppose -4*x + 443 = 3*f, 4*f + 351 = -x + d*x. Is x a prime number?
True
Let b = 16 - 11. Let l be (4/b)/1*-35. Is (-2)/(-7) + (-7244)/l prime?
False
Let w(k) = k**3 - 14*k**2 + k - 10. Let a be w(14). Suppose -a*z = -1823 + 235. Is z a composite number?
False
Is 383652/252 + -4*(-3)/21 a composite number?
False
Is (-4)/(-6)*7473144/112 prime?
True
Suppose -5*u + 825 = -1380. Suppose u = 5*s - a, 2*a + 0*a + 81 = s. Is s prime?
True
Suppose 4*l - 20 = -0. Is (-1*2)/(-4 + l) + 67 prime?
False
Let f be 3 + -1 - (-65)/13. Suppose -2*c + 5 = -f. Suppose 9*i = c*i + 2103. Is i composite?
False
Let i be (-1)/(1/(-3) + 0). Suppose i*p - 24 - 9 = 0. Let a(x) = 10*x - 13. Is a(p) composite?
False
Suppose 2*w - 22 = -0*w. Let j(q) = 2*q**3 - 17*q**2 + 11*q + 17. Is j(w) prime?
True
Let n(g) = -23*g**3 - 2*g**2 - 3*g - 3. Let f be n(-2). Let z = -92 + f. Suppose -2*c + 2*j + 53 + z = 0, -j = 3*c - 198. Is c composite?
False
Let q(u) = 3*u**3 + 2*u**2 + 6*u + 3. Suppose 2 = 2*p + 6. Let o be q(p). Let f = o - -58. Is f a prime number?
False
Let l(g) be the second derivative of -g**5/10 - 13*g**4/12 + g**3/3 + 10*g**2 + 7*g. Is l(-9) prime?
False
Suppose 7510 = x + x. Suppose -2*o + x = 3*o. Is o prime?
True
Suppose -47*x + 103358 = -17855. Is x composite?
False
Suppose 5*r + j - 4*j - 1642 = 0, 5*r + 3*j = 1618. Suppose -2*a + r + 308 = 0. Is a prime?
True
Suppose -79*c + 1446779 = -1222710. Is c a composite number?
False
Suppose -2*t - 3 = 3. Let a = t - -5. Suppose -3*h = -a*h + 5*c - 288, -2*c + 1062 = 4*h. Is h composite?
False
Let s(n) = n**3 + 14*n**2 + n + 18. Let d be s(-14). Suppose 0 = 5*a + 5*w - 6275, 5*w - d*w = -5*a + 6291. Is a prime?
True
Let k(v) = 20*v**3 + 2*v**2 - 3*v - 3. Let r be k(4). Let i = 1830 - r. Is i prime?
False
Let u = 11 + -70. Let j = 32 - u. Is j a prime number?
False
Let x(t) = -60*t**3 + 2*t + 3. Suppose -4*i - 3*g = 8, -4*i - 7*g + 3*g - 8 = 0. Is x(i) prime?
True
Let w be (-14)/(3 - 84/27). Let f = w - -97. Is f composite?
False
Is 17/(17/4008) + -1 a composite number?
False
Let q = 33 - 23. Let u be -8*(-5)/q - -1076. Let a = 1667 - u. Is a composite?
False
Let y(d) = -d**3 - 6*d**2 + 5*d - 14. Let n be y(-7). Suppose n = -5*p + 1846 + 11509. Is p a composite number?
False
Let y = 20 + -26. Is 657/y*-18 + 9 + -7 a composite number?
False
Let x = -9529 - -16028. Is x a prime number?
False
Suppose -2*j - 55 = -13*j. Suppose 0 = -j*g + 2*z + 639, 0*g + 133 = g - 3*z. Is g composite?
False
Suppose 4*i - 58 = -46. Suppose -5*h + 3 = -12, -2*w + i*h + 401 = 0. Is w a composite number?
True
Let w(g) be the first derivative of 23*g**2/2 - 35*g - 2. Is w(14) a prime number?
False
Let h(i) = i**2 - 12*i - 3. Let g be h(12). Is -8*g/(-6) + 267 a prime number?
True
Suppose 0 = 3*j + 2*j - b - 7, -3*b + 17 = 4*j. Let v = 33 + 2207. Suppose j*d + 578 = v. Is d prime?
False
Let g = -39 + 42. Suppose 7815 = g*z - 0*z. Is z prime?
False
Suppose 7*z - 16*z = -3627. Is z composite?
True
Suppose 5*q - 72851 = 19594. Is q a prime number?
False
Suppose -u - 15 = -4*c, 5*c - 5*u = c + 11. Is ((-3)/(-9))/(5*c/9540) a prime number?
False
Let s(r) = r**2 - 39*r + 13. Is s(-7) a prime number?
False
Suppose -3*f - 1 = -10. Let n(c) = 20*c**2 + c - 5. Let i be n(f). Let o = i + -125. Is o composite?
False
Is 2/(-2)*95/5*-79 a composite number?
True
Let m(j) = 1367*j**2 - 13*j + 9. Is m(-6) a prime number?
False
Let b be 1321*(-2)/2*(-5 - 0). Let u = b - 1248. Is u a prime number?
False
Let n(i) = 45*i**2 + 1. Suppose 2*r = 3*b - 24, 4*r + 3*b = -42 - 6. Let j = 11 + r. Is n(j) a composite number?
True
Let k(c) = -2882*c + 207. Is k(-7) prime?
False
Suppose 0 = 28*y - 37*y + 10791. Is y a composite number?
True
Let r = 6442 + -953. Is r prime?
False
Let f(w) = w**2 + w + 2823. Suppose 5*a = 25, -4*o + 0*a + 10 = 2*a. Is f(o) a composite number?
True
Suppose 5*u = -k + 1376, k - 6817 = -4*k - 4*u. Is k a composite number?
False
Let i be (1107/(-2))/(3/20). Is (1/2)/1 + i/(-20) a prime number?
False
Suppose -q - 3 = t - 6, -6 = -4*t + 2*q. Suppose 0 = -4*h + t*c + 1014, 3*h - 738 = -0*h - 3*c. Is h composite?
False
Suppose -8 + 4 = -2*t. Suppose -t*w = -p + 195, 8*p - 720 = 4*p - 4*w. Suppose -m - 4*j + p = 38, -5*j - 20 = 0. Is m a prime number?
True
Suppose 7*y - 4392 = -3*g + 4*y, -5*y - 25 = 0. Is g prime?
False
Suppose 39*p - 142904 = 31*p. Is p composite?
False
Suppose h = 2*o - 2404 - 22103, 0 = -3*o - 3*h + 36738. Is o a composite number?
False
Let p be (15/(-2))/(-5)*(-40)/(-12). Let b(f) = 32*f**2 - 3*f - 6. Is b(p) composite?
True
Let y(o) be the third derivative of o**5/60 - o**3/3 - 4*o**2. Let p be y(-2). Suppose -2*d - 3*t + 116 = -5*t, -p*d = 3*t - 101. Is d a prime number?
False
Suppose v + 3*v = -8. Let q(x) = -x**3 - 6*x**2 - 19*x + 9. Let n be q(-6). Let g = n + v. Is g prime?
False
Let k = 26 - 11. Suppose 6*c - 3*c = k. Suppose c*t - 552 = 643. Is t composite?
False
Suppose -m + 4*v + 20 = 0, 0*m = -m + v + 8. Let x be m/(-10) - (-714)/35. Suppose 4*q - x = 112. Is q prime?
False
Is (30/(-12) + 5)*(-342)/(-15) composite?
True
Is 1/3 + (-594462)/(-99) a prime number?
False
Suppose -554 = -3*g + 43543. Is g prime?
True
Suppose 22 = j - 12*j. Let f(c) = -2370*c + 11. Is f(j) composite?
False
Suppose 0 = -4*o + 4*q + 40, -q - q - 8 = 0. Suppose 19*v = 92355 - 21827. Suppose -1078 = o*h - v. Is h prime?
True
Let x be 1/(-4) - (-29827)/28. Suppose -5*p + 3*g - 1300 = x, -1400 = 3*p + 2*g. Let q = p - -771. Is q prime?
False
Let i be 8/(-6)*38124/(-24). Suppose -4*g + 713 = l, 3*l + 0*l - i = -5*g. Is l prime?
True
Suppose 0 = v - 269 - 42. Suppose -v = -4*m + 2*h - 37, m + 2*h = 61. Is m prime?
True
Suppose -21 = -z + b - 0*b, 4*z = -b + 84. Suppose 4*y - 8 = 0, -5*y = -5*t - 74 - 16. Let w = z - t. Is w a prime number?
True
Suppose -9*v = 2221 - 421. Let a = v + 391. Is a a prime number?
True
Let t = 441 - 1164. Let x = 1232 + t. Is x a composite number?
False
Let f be -7*(1 - 13/7). Let q be (-50)/f + (-16)/24. Is 242 - -9*3/q a composite number?
False
Suppose -347*y + 345*y = -3442. Is y prime?
True
Let p(q) = q + 8. Let w be p(0). Suppose l = 2*l - 21. Let a = l - w. Is a composite?
False
Let o(r) = 43*r**2 - 4*r + 27. Let m = -32 + 37. Is o(m) a composite number?
True
Suppose 8*l - 11*l - 2*k + 12343 = 0, -4*l + k + 16439 = 0. Is l a prime number?
True
Suppose 0 = -2*j - 3*w + 10, -4*j - 2*w = -5*j - 2. Let y(h) = 279*h - 4. Is y(j) composite?
True
Suppose 778*h - 774*h - 27932 = 0. Is h composite?
False
Let v be (156/130)/((-2)/(-970)). Suppose 2*z = 2*t + 366, -4*z + 145 + v = -3*t. Is z a composite number?
True
Let j(y) = -y - 4. Let z be j(-8). Let t be z/(-18) - (-58)/18. 